{"id":2369,"date":"2022-03-22T13:03:05","date_gmt":"2022-03-22T11:03:05","guid":{"rendered":"https:\/\/laltrefestival.cat\/?page_id=2369"},"modified":"2023-09-15T11:28:14","modified_gmt":"2023-09-15T09:28:14","slug":"laltre-comite","status":"publish","type":"page","link":"https:\/\/laltrefestival.cat\/es\/laltre-comite\/","title":{"rendered":"Comit\u00e9"},"content":{"rendered":"<div class=\"bt_rc_container\"><section id=\"bt_section69f288983a2d6\" data-parallax=\"0.1\" data-parallax-offset=\"0\" class=\"boldSection topExtraSpaced bottomSpaced btDarkSkin gutter btBottomVertical btParallax wBackground cover\" style=\"background-image:url('https:\/\/laltrefestival.cat\/wp-content\/uploads\/2022\/01\/portada_web-3-scaled.jpg');\"><div class=\"port\"><div class=\"boldCell\"><div class=\"boldCellInner\"><div class=\"boldRow \" ><div class=\"boldRowInner\"><div class=\"rowItem col-md-12 col-ms-12  btTextLeft inherit\"  data-width=\"12\"><div class=\"rowItemContent\" ><header class=\"header btClear large\" ><div class=\"dash\"><h2><span class=\"headline\">L&#8217;Altre comit\u00e9\r<br><\/span><\/h2><\/div><\/header><\/div><\/div><\/div><\/div><\/div><\/div><\/div><\/section><section id=\"bt_section69f288983a88a\"  class=\"boldSection topSpaced bottomSpaced gutter inherit\" ><div class=\"port\"><div class=\"boldCell\"><div class=\"boldCellInner\"><div class=\"boldRow \" ><div class=\"boldRowInner\"><div class=\"rowItem col-md-6 col-sm-12 btTextLeft inherit\" style=\"background-color: rgba(255, 255, 255, 1);\" data-width=\"6\"><div class=\"rowItemContent\" ><header class=\"header btClear extralarge btDash bottomDash\" ><div class=\"btSuperTitle\">L&#8217;Altre <\/div><div class=\"dash\"><h1><span class=\"headline\">comit\u00e9<\/span><\/h1><\/div><div class=\"btSubTitle\">Somos un grupo de personas con una larga experiencia en el \u00e1mbito de la salud mental, la cultura y las artes esc\u00e9nicas con la voluntad de explorar otras maneras de ver, vivir y convivir con la salud mental y de reivindicar la diversidad en el \u00e1mbito cultural.<\/div><\/header><\/div><\/div><div class=\"rowItem col-md-3 col-sm-6 col-ms-12 btTextLeft animate animate-fadein animate-moveup inherit\" style=\"background-color: rgba(255, 255, 255, 1);\" data-width=\"3\"><div class=\"rowItemContent\" background-color: rgba(255, 255, 255, 1); ><div class=\"btClear btSeparator topSemiSpaced noBorder\" ><hr><\/div><header class=\"header btClear medium btDash bottomDash\" ><div class=\"btSuperTitle\">Beatriz <\/div><div class=\"dash\"><h3><span class=\"headline\">Liebe<\/span><\/h3><\/div><div class=\"btSubTitle\">Cofundadora y teatrera que mientras dialoga con su voz interior, de vez en cuando hace alguna gesti\u00f3n, un poco de sobremesa o cu\u00e1ndo se le ocurre alg\u00fan proyecto nuevo. Paseando se entiende la gente.\r<br>\u00a1Ponte en contacto con ella a info@laltrefestival.cat!<\/div><\/header><div class=\"btClear btSeparator topExtraSmallSpaced noBorder\" ><hr><\/div><div class=\"btClear btSeparator topSemiSpaced noBorder\" ><hr><\/div><\/div><\/div><div class=\"rowItem col-md-3 col-sm-6 col-ms-12 btTextLeft animate animate-fadein animate-moveup inherit\" style=\"background-color: rgba(255, 255, 255, 1);\" data-width=\"3\"><div class=\"rowItemContent\" ><div class=\"btClear btSeparator topSemiSpaced noBorder\" ><hr><\/div><header class=\"header btClear medium btDash bottomDash\" ><div class=\"btSuperTitle\">Martina<\/div><div class=\"dash\"><h3><span class=\"headline\">Cumova<\/span><\/h3><\/div><div class=\"btSubTitle\">Responsable de comunicaci\u00f3n y de relaciones internacionales que intenta resolver todas tus dudas cuando te pones en contacto con l\u2019Altre Festival! \u00daltimamente no tiene tiempo libre porque tiene dos ni\u00f1os peque\u00f1os en casa. \u00a1Ponte en contacto con ella a trav\u00e9s de comunica@laltrefestival.cat!<\/div><\/header><div class=\"btClear btSeparator topExtraSmallSpaced noBorder\" ><hr><\/div><div class=\"btClear btSeparator topSemiSpaced noBorder\" ><hr><\/div><\/div><\/div><\/div><\/div><div class=\"boldRow \" ><div class=\"boldRowInner\"><div class=\"rowItem col-md-6 col-sm-12 btTextLeft inherit\"  data-width=\"6\"><div class=\"rowItemContent\" ><\/div><\/div><div class=\"rowItem col-md-3 col-sm-6 col-ms-12 btTextLeft animate animate-fadein animate-moveup inherit\" style=\"background-color: rgba(255, 255, 255, 1);\" data-width=\"3\"><div class=\"rowItemContent\" ><div class=\"btClear btSeparator topSmallSpaced noBorder\" ><hr><\/div><header class=\"header btClear medium btDash bottomDash\" ><div class=\"btSuperTitle\">Tha\u00efs<\/div><div class=\"dash\"><h3><span class=\"headline\">Clusa<\/span><\/h3><\/div><div class=\"btSubTitle\">La persona que moviliza a las masas y coordina el equipo de voluntariado, \u00a1el alma de l\u2019Altre Festival! Le gusta \u201cdistraerse bajo el mar\u201d para no o\u00edr las discusiones de su descendencia en casa. \u00a1Si quieres formar parte del equipo, ponte en contacto con ella a trav\u00e9s de participo@laltrefestival.cat! <\/div><\/header><div class=\"btClear btSeparator topExtraSmallSpaced noBorder\" ><hr><\/div><div class=\"btClear btSeparator topSemiSpaced noBorder\" ><hr><\/div><\/div><\/div><div class=\"rowItem col-md-3 col-sm-6 col-ms-12 btTextLeft animate animate-fadein animate-moveup inherit\" style=\"background-color: rgba(255, 255, 255, 1);\" data-width=\"3\"><div class=\"rowItemContent\" ><div class=\"btClear btSeparator topSmallSpaced noBorder\" ><hr><\/div><header class=\"header btClear medium btDash bottomDash\" ><div class=\"btSuperTitle\">Manel<\/div><div class=\"dash\"><h3><span class=\"headline\">Anoro <\/span><\/h3><\/div><div class=\"btSubTitle\">Cofundador que durante el d\u00eda, como m\u00e9dico de familia, es capaz de atender a sus pacientes y por las tardes ayudar a organizar l\u2019Altre Festival. Tambi\u00e9n le gusta pasar tiempo con su familia numerosa y ensayar con el elenco de La Trifulga dels F\u00fatils.<\/div><\/header><div class=\"btClear btSeparator topExtraSmallSpaced noBorder\" ><hr><\/div><div class=\"btClear btSeparator topSemiSpaced noBorder\" ><hr><\/div><\/div><\/div><\/div><\/div><\/div><\/div><\/div><\/section><\/div>","protected":false},"excerpt":{"rendered":"","protected":false},"author":1,"featured_media":0,"parent":0,"menu_order":0,"comment_status":"closed","ping_status":"closed","template":"","meta":{"footnotes":""},"class_list":["post-2369","page","type-page","status-publish","hentry"],"aioseo_notices":[],"_links":{"self":[{"href":"https:\/\/laltrefestival.cat\/es\/wp-json\/wp\/v2\/pages\/2369","targetHints":{"allow":["GET"]}}],"collection":[{"href":"https:\/\/laltrefestival.cat\/es\/wp-json\/wp\/v2\/pages"}],"about":[{"href":"https:\/\/laltrefestival.cat\/es\/wp-json\/wp\/v2\/types\/page"}],"author":[{"embeddable":true,"href":"https:\/\/laltrefestival.cat\/es\/wp-json\/wp\/v2\/users\/1"}],"replies":[{"embeddable":true,"href":"https:\/\/laltrefestival.cat\/es\/wp-json\/wp\/v2\/comments?post=2369"}],"version-history":[{"count":8,"href":"https:\/\/laltrefestival.cat\/es\/wp-json\/wp\/v2\/pages\/2369\/revisions"}],"predecessor-version":[{"id":4923,"href":"https:\/\/laltrefestival.cat\/es\/wp-json\/wp\/v2\/pages\/2369\/revisions\/4923"}],"wp:attachment":[{"href":"https:\/\/laltrefestival.cat\/es\/wp-json\/wp\/v2\/media?parent=2369"}],"curies":[{"name":"wp","href":"https:\/\/api.w.org\/{rel}","templated":true}]}}

Comité

<div class="bt_rc_container"><section id="bt_section69f288983a2d6" data-parallax="0.1" data-parallax-offset="0" class="boldSection topExtraSpaced bottomSpaced btDarkSkin gutter btBottomVertical btParallax wBackground cover" style="background-image:url('https://laltrefestival.cat/wp-content/uploads/2022/01/portada_web-3-scaled.jpg');"><div class="port"><div class="boldCell"><div class="boldCellInner"><div class="boldRow " ><div class="boldRowInner"><div class="rowItem col-md-12 col-ms-12  btTextLeft inherit"  data-width="12"><div class="rowItemContent" ><header class="header btClear large" ><div class="dash"><h2><span class="headline">L&#8217;Altre comité<br></span></h2></div></header></div></div></div></div></div></div></div></section><section id="bt_section69f288983a88a"  class="boldSection topSpaced bottomSpaced gutter inherit" ><div class="port"><div class="boldCell"><div class="boldCellInner"><div class="boldRow " ><div class="boldRowInner"><div class="rowItem col-md-6 col-sm-12 btTextLeft inherit" style="background-color: rgba(255, 255, 255, 1);" data-width="6"><div class="rowItemContent" ><header class="header btClear extralarge btDash bottomDash" ><div class="btSuperTitle">L&#8217;Altre </div><div class="dash"><h1><span class="headline">comité</span></h1></div><div class="btSubTitle">Somos un grupo de personas con una larga experiencia en el ámbito de la salud mental, la cultura y las artes escénicas con la voluntad de explorar otras maneras de ver, vivir y convivir con la salud mental y de reivindicar la diversidad en el ámbito cultural.</div></header></div></div><div class="rowItem col-md-3 col-sm-6 col-ms-12 btTextLeft animate animate-fadein animate-moveup inherit" style="background-color: rgba(255, 255, 255, 1);" data-width="3"><div class="rowItemContent" background-color: rgba(255, 255, 255, 1); ><div class="btClear btSeparator topSemiSpaced noBorder" ><hr></div><header class="header btClear medium btDash bottomDash" ><div class="btSuperTitle">Beatriz </div><div class="dash"><h3><span class="headline">Liebe</span></h3></div><div class="btSubTitle">Cofundadora y teatrera que mientras dialoga con su voz interior, de vez en cuando hace alguna gestión, un poco de sobremesa o cuándo se le ocurre algún proyecto nuevo. Paseando se entiende la gente.<br>¡Ponte en contacto con ella a info@laltrefestival.cat!</div></header><div class="btClear btSeparator topExtraSmallSpaced noBorder" ><hr></div><div class="btClear btSeparator topSemiSpaced noBorder" ><hr></div></div></div><div class="rowItem col-md-3 col-sm-6 col-ms-12 btTextLeft animate animate-fadein animate-moveup inherit" style="background-color: rgba(255, 255, 255, 1);" data-width="3"><div class="rowItemContent" ><div class="btClear btSeparator topSemiSpaced noBorder" ><hr></div><header class="header btClear medium btDash bottomDash" ><div class="btSuperTitle">Martina</div><div class="dash"><h3><span class="headline">Cumova</span></h3></div><div class="btSubTitle">Responsable de comunicación y de relaciones internacionales que intenta resolver todas tus dudas cuando te pones en contacto con l’Altre Festival! Últimamente no tiene tiempo libre porque tiene dos niños pequeños en casa. ¡Ponte en contacto con ella a través de comunica@laltrefestival.cat!</div></header><div class="btClear btSeparator topExtraSmallSpaced noBorder" ><hr></div><div class="btClear btSeparator topSemiSpaced noBorder" ><hr></div></div></div></div></div><div class="boldRow " ><div class="boldRowInner"><div class="rowItem col-md-6 col-sm-12 btTextLeft inherit"  data-width="6"><div class="rowItemContent" ></div></div><div class="rowItem col-md-3 col-sm-6 col-ms-12 btTextLeft animate animate-fadein animate-moveup inherit" style="background-color: rgba(255, 255, 255, 1);" data-width="3"><div class="rowItemContent" ><div class="btClear btSeparator topSmallSpaced noBorder" ><hr></div><header class="header btClear medium btDash bottomDash" ><div class="btSuperTitle">Thaïs</div><div class="dash"><h3><span class="headline">Clusa</span></h3></div><div class="btSubTitle">La persona que moviliza a las masas y coordina el equipo de voluntariado, ¡el alma de l’Altre Festival! Le gusta “distraerse bajo el mar” para no oír las discusiones de su descendencia en casa. ¡Si quieres formar parte del equipo, ponte en contacto con ella a través de participo@laltrefestival.cat! </div></header><div class="btClear btSeparator topExtraSmallSpaced noBorder" ><hr></div><div class="btClear btSeparator topSemiSpaced noBorder" ><hr></div></div></div><div class="rowItem col-md-3 col-sm-6 col-ms-12 btTextLeft animate animate-fadein animate-moveup inherit" style="background-color: rgba(255, 255, 255, 1);" data-width="3"><div class="rowItemContent" ><div class="btClear btSeparator topSmallSpaced noBorder" ><hr></div><header class="header btClear medium btDash bottomDash" ><div class="btSuperTitle">Manel</div><div class="dash"><h3><span class="headline">Anoro </span></h3></div><div class="btSubTitle">Cofundador que durante el día, como médico de familia, es capaz de atender a sus pacientes y por las tardes ayudar a organizar l’Altre Festival. También le gusta pasar tiempo con su familia numerosa y ensayar con el elenco de La Trifulga dels Fútils.</div></header><div class="btClear btSeparator topExtraSmallSpaced noBorder" ><hr></div><div class="btClear btSeparator topSemiSpaced noBorder" ><hr></div></div></div></div></div></div></div></div></section></div>
