{"id":2357,"date":"2022-03-22T12:48:03","date_gmt":"2022-03-22T10:48:03","guid":{"rendered":"https:\/\/laltrefestival.cat\/?page_id=2357"},"modified":"2022-03-22T12:48:03","modified_gmt":"2022-03-22T10:48:03","slug":"objetivos","status":"publish","type":"page","link":"https:\/\/laltrefestival.cat\/es\/objetivos\/","title":{"rendered":"Objetivos"},"content":{"rendered":"<div class=\"bt_rc_container\"><section id=\"bt_section69ee3688c5e9b\" data-parallax=\"0.1\" data-parallax-offset=\"0\" class=\"boldSection topExtraSpaced bottomSpaced btDarkSkin gutter btBottomVertical btParallax wBackground cover\" style=\"background-image:url('https:\/\/laltrefestival.cat\/wp-content\/uploads\/2022\/01\/portada_web-3-scaled.jpg');\"><div class=\"port\"><div class=\"boldCell\"><div class=\"boldCellInner\"><div class=\"boldRow \" ><div class=\"boldRowInner\"><div class=\"rowItem col-md-12 col-ms-12  btTextLeft inherit\"  data-width=\"12\"><div class=\"rowItemContent\" ><header class=\"header btClear large\" ><div class=\"dash\"><h2><span class=\"headline\">Objetivos\r<br><\/span><\/h2><\/div><\/header><\/div><\/div><\/div><\/div><\/div><\/div><\/div><\/section><section id=\"bt_section69ee3688c63d4\"  class=\"boldSection topSpaced bottomSpaced gutter inherit\" ><div class=\"port\"><div class=\"boldCell\"><div class=\"boldCellInner\"><div class=\"boldRow \" ><div class=\"boldRowInner\"><div class=\"rowItem col-md-6 col-sm-12 btTextLeft inherit\"  data-width=\"6\"><div class=\"rowItemContent\" ><header class=\"header btClear extralarge btDash bottomDash\" ><div class=\"btSuperTitle\">Nuestros<\/div><div class=\"dash\"><h1><span class=\"headline\">objectivos<\/span><\/h1><\/div><\/header><\/div><\/div><div class=\"rowItem col-md-3 col-sm-6 col-ms-12 btTextLeft animate animate-fadein animate-moveup inherit\"  data-width=\"3\"><div class=\"rowItemContent\" ><div class=\"btClear btSeparator topSemiSpaced noBorder\" ><hr><\/div><div class=\"btClear btSeparator topSmallSpaced noBorder\" ><hr><\/div><header class=\"header btClear medium btDash bottomDash\" ><div class=\"btSuperTitle\">Trabajamos para el<\/div><div class=\"dash\"><h3><span class=\"headline\">bienvivir<\/span><\/h3><\/div><div class=\"btSubTitle\">Queremos conseguir el bienvivir (bienestar emocional e inclusi\u00f3n) de las personas con y sin problemas de salud mental a trav\u00e9s de las artes esc\u00e9nicas.<\/div><\/header><div class=\"btClear btSeparator topExtraSmallSpaced noBorder\" ><hr><\/div><div class=\"btClear btSeparator topSemiSpaced noBorder\" ><hr><\/div><\/div><\/div><div class=\"rowItem col-md-3 col-sm-6 col-ms-12 btTextLeft animate animate-fadein animate-moveup inherit\"  data-width=\"3\"><div class=\"rowItemContent\" ><div class=\"btClear btSeparator topSemiSpaced noBorder\" ><hr><\/div><div class=\"btClear btSeparator topSmallSpaced noBorder\" ><hr><\/div><header class=\"header btClear medium btDash bottomDash\" ><div class=\"btSuperTitle\">Luchamos contra el<\/div><div class=\"dash\"><h3><span class=\"headline\">estigma<\/span><\/h3><\/div><div class=\"btSubTitle\">Queremos dar a conocer la realidad de la salud mental en la sociedad desde un punto de vista positivo e inclusivo.<\/div><\/header><div class=\"btClear btSeparator topExtraSmallSpaced noBorder\" ><hr><\/div><div class=\"btClear btSeparator topSemiSpaced noBorder\" ><hr><\/div><\/div><\/div><\/div><\/div><div class=\"boldRow \" ><div class=\"boldRowInner\"><div class=\"rowItem col-md-6 col-sm-12 btTextLeft inherit\"  data-width=\"6\"><div class=\"rowItemContent\" ><\/div><\/div><div class=\"rowItem col-md-3 col-sm-6 col-ms-12 btTextLeft animate animate-fadein animate-moveup inherit\" style=\"background-color: rgba(255, 255, 255, 1);\" data-width=\"3\"><div class=\"rowItemContent\" ><div class=\"btClear btSeparator topSmallSpaced noBorder\" ><hr><\/div><header class=\"header btClear medium btDash bottomDash\" ><div class=\"btSuperTitle\">Promovemos la<\/div><div class=\"dash\"><h3><span class=\"headline\">diversidad y la accesibilidad<\/span><\/h3><\/div><div class=\"btSubTitle\">Damos voz a las personas que no tienen acceso a los circuitos culturales habituales.<\/div><\/header><div class=\"btClear btSeparator topExtraSmallSpaced noBorder\" ><hr><\/div><div class=\"btClear btSeparator topSemiSpaced noBorder\" ><hr><\/div><\/div><\/div><div class=\"rowItem col-md-3 col-sm-6 col-ms-12 btTextLeft animate animate-fadein animate-moveup inherit\" style=\"background-color: rgba(255, 255, 255, 1);\" data-width=\"3\"><div class=\"rowItemContent\" ><div class=\"btClear btSeparator topSmallSpaced noBorder\" ><hr><\/div><header class=\"header btClear medium btDash bottomDash\" ><div class=\"btSuperTitle\">Investigamos en nuevos<\/div><div class=\"dash\"><h3><span class=\"headline\">formatos esc\u00e9nicos<\/span><\/h3><\/div><div class=\"btSubTitle\">Producimos espect\u00e1culos en colaboraci\u00f3n con artistas profesionales y noprofesionales, con vocaci\u00f3n experimental. <\/div><\/header><div class=\"btClear btSeparator topExtraSmallSpaced noBorder\" ><hr><\/div><div class=\"btClear btSeparator topSemiSpaced noBorder\" ><hr><\/div><\/div><\/div><\/div><\/div><\/div><\/div><\/div><\/section><\/div>","protected":false},"excerpt":{"rendered":"","protected":false},"author":1,"featured_media":0,"parent":0,"menu_order":0,"comment_status":"closed","ping_status":"closed","template":"","meta":{"footnotes":""},"class_list":["post-2357","page","type-page","status-publish","hentry"],"aioseo_notices":[],"_links":{"self":[{"href":"https:\/\/laltrefestival.cat\/es\/wp-json\/wp\/v2\/pages\/2357","targetHints":{"allow":["GET"]}}],"collection":[{"href":"https:\/\/laltrefestival.cat\/es\/wp-json\/wp\/v2\/pages"}],"about":[{"href":"https:\/\/laltrefestival.cat\/es\/wp-json\/wp\/v2\/types\/page"}],"author":[{"embeddable":true,"href":"https:\/\/laltrefestival.cat\/es\/wp-json\/wp\/v2\/users\/1"}],"replies":[{"embeddable":true,"href":"https:\/\/laltrefestival.cat\/es\/wp-json\/wp\/v2\/comments?post=2357"}],"version-history":[{"count":1,"href":"https:\/\/laltrefestival.cat\/es\/wp-json\/wp\/v2\/pages\/2357\/revisions"}],"predecessor-version":[{"id":2360,"href":"https:\/\/laltrefestival.cat\/es\/wp-json\/wp\/v2\/pages\/2357\/revisions\/2360"}],"wp:attachment":[{"href":"https:\/\/laltrefestival.cat\/es\/wp-json\/wp\/v2\/media?parent=2357"}],"curies":[{"name":"wp","href":"https:\/\/api.w.org\/{rel}","templated":true}]}}

<div class="bt_rc_container"><section id="bt_section69ee3688c5e9b" data-parallax="0.1" data-parallax-offset="0" class="boldSection topExtraSpaced bottomSpaced btDarkSkin gutter btBottomVertical btParallax wBackground cover" style="background-image:url('https://laltrefestival.cat/wp-content/uploads/2022/01/portada_web-3-scaled.jpg');"><div class="port"><div class="boldCell"><div class="boldCellInner"><div class="boldRow " ><div class="boldRowInner"><div class="rowItem col-md-12 col-ms-12  btTextLeft inherit"  data-width="12"><div class="rowItemContent" ><header class="header btClear large" ><div class="dash"><h2><span class="headline">Objetivos<br></span></h2></div></header></div></div></div></div></div></div></div></section><section id="bt_section69ee3688c63d4"  class="boldSection topSpaced bottomSpaced gutter inherit" ><div class="port"><div class="boldCell"><div class="boldCellInner"><div class="boldRow " ><div class="boldRowInner"><div class="rowItem col-md-6 col-sm-12 btTextLeft inherit"  data-width="6"><div class="rowItemContent" ><header class="header btClear extralarge btDash bottomDash" ><div class="btSuperTitle">Nuestros</div><div class="dash"><h1><span class="headline">objectivos</span></h1></div></header></div></div><div class="rowItem col-md-3 col-sm-6 col-ms-12 btTextLeft animate animate-fadein animate-moveup inherit"  data-width="3"><div class="rowItemContent" ><div class="btClear btSeparator topSemiSpaced noBorder" ><hr></div><div class="btClear btSeparator topSmallSpaced noBorder" ><hr></div><header class="header btClear medium btDash bottomDash" ><div class="btSuperTitle">Trabajamos para el</div><div class="dash"><h3><span class="headline">bienvivir</span></h3></div><div class="btSubTitle">Queremos conseguir el bienvivir (bienestar emocional e inclusión) de las personas con y sin problemas de salud mental a través de las artes escénicas.</div></header><div class="btClear btSeparator topExtraSmallSpaced noBorder" ><hr></div><div class="btClear btSeparator topSemiSpaced noBorder" ><hr></div></div></div><div class="rowItem col-md-3 col-sm-6 col-ms-12 btTextLeft animate animate-fadein animate-moveup inherit"  data-width="3"><div class="rowItemContent" ><div class="btClear btSeparator topSemiSpaced noBorder" ><hr></div><div class="btClear btSeparator topSmallSpaced noBorder" ><hr></div><header class="header btClear medium btDash bottomDash" ><div class="btSuperTitle">Luchamos contra el</div><div class="dash"><h3><span class="headline">estigma</span></h3></div><div class="btSubTitle">Queremos dar a conocer la realidad de la salud mental en la sociedad desde un punto de vista positivo e inclusivo.</div></header><div class="btClear btSeparator topExtraSmallSpaced noBorder" ><hr></div><div class="btClear btSeparator topSemiSpaced noBorder" ><hr></div></div></div></div></div><div class="boldRow " ><div class="boldRowInner"><div class="rowItem col-md-6 col-sm-12 btTextLeft inherit"  data-width="6"><div class="rowItemContent" ></div></div><div class="rowItem col-md-3 col-sm-6 col-ms-12 btTextLeft animate animate-fadein animate-moveup inherit" style="background-color: rgba(255, 255, 255, 1);" data-width="3"><div class="rowItemContent" ><div class="btClear btSeparator topSmallSpaced noBorder" ><hr></div><header class="header btClear medium btDash bottomDash" ><div class="btSuperTitle">Promovemos la</div><div class="dash"><h3><span class="headline">diversidad y la accesibilidad</span></h3></div><div class="btSubTitle">Damos voz a las personas que no tienen acceso a los circuitos culturales habituales.</div></header><div class="btClear btSeparator topExtraSmallSpaced noBorder" ><hr></div><div class="btClear btSeparator topSemiSpaced noBorder" ><hr></div></div></div><div class="rowItem col-md-3 col-sm-6 col-ms-12 btTextLeft animate animate-fadein animate-moveup inherit" style="background-color: rgba(255, 255, 255, 1);" data-width="3"><div class="rowItemContent" ><div class="btClear btSeparator topSmallSpaced noBorder" ><hr></div><header class="header btClear medium btDash bottomDash" ><div class="btSuperTitle">Investigamos en nuevos</div><div class="dash"><h3><span class="headline">formatos escénicos</span></h3></div><div class="btSubTitle">Producimos espectáculos en colaboración con artistas profesionales y noprofesionales, con vocación experimental. </div></header><div class="btClear btSeparator topExtraSmallSpaced noBorder" ><hr></div><div class="btClear btSeparator topSemiSpaced noBorder" ><hr></div></div></div></div></div></div></div></div></section></div>
